{"id":58,"date":"2020-10-09T18:01:23","date_gmt":"2020-10-09T16:01:23","guid":{"rendered":"http:\/\/www.collectifdesmosquees.fr\/?page_id=58"},"modified":"2021-02-10T14:45:19","modified_gmt":"2021-02-10T13:45:19","slug":"liste-des-signataires","status":"publish","type":"page","link":"http:\/\/www.collectifdesmosquees.fr\/index.php\/liste-des-signataires\/","title":{"rendered":"Liste des signataires"},"content":{"rendered":"[vc_row][vc_column][vc_column_text]\n<h1>Liste des signataires<\/h1>\n[\/vc_column_text]<div class=\"vcex-module vcex-divider vcex-divider-solid vcex-divider-left wpex-float-left wpex-max-w-100 wpex-mx-auto wpex-block wpex-h-0 wpex-border-b wpex-border-solid wpex-border-gray-200\" style=\"width:6%;margin-top:10px;border-bottom-width:2px;border-color:#00a780;\"><\/div><div class=\"wpex-clear\"><\/div>[\/vc_column][\/vc_row][vc_row][vc_column][vc_tta_accordion shape=&#8221;square&#8221; active_section=&#8221;&#8221; collapsible_all=&#8221;true&#8221;][vc_tta_section title=&#8221;\u00cele-de-France&#8221; tab_id=&#8221;1602259075759-7528ceab-4d4a&#8221;][vc_column_text]\n<ul>\n<li>Conseil R\u00e9gional du Culte Musulman de l\u2019Ile de France Centre<\/li>\n<li>Conseil R\u00e9gional du Culte Musulman de l\u2019Ile de France Est<\/li>\n<li>Conseil D\u00e9partemental du Culte Musulman de la Seine Saint-Denis<\/li>\n<li>Rassemblement des Associations Musulmanes du 93<\/li>\n<li>Mosqu\u00e9e Omar Paris 11i\u00e8me<\/li>\n<li>Mosqu\u00e9e Abou Bakr Paris 11i\u00e8me<\/li>\n<li>Mosqu\u00e9e Ali Paris 10i\u00e8me<\/li>\n<li>Mosqu\u00e9e Fatih Paris 10i\u00e8me<\/li>\n<li>ASCEM Paris 14i\u00e8me\/ 15i\u00e8me<\/li>\n<li>Mosqu\u00e9e Salih CIMG Sevran<\/li>\n<li>Mosqu\u00e9e Othman de Sevran<\/li>\n<li>Mosqu\u00e9e de l\u2019Union de la Courneuve<\/li>\n<li>Mosqu\u00e9e Mauricienne de la Courneuve<\/li>\n<li>ACIIF La Courneuve<\/li>\n<li>AMI 93- Association des Musulmans de l\u2019Inde- La Courneuve<\/li>\n<li>ACMA &#8211; Mosqu\u00e9e d\u2019Aulnay Sous-Bois<\/li>\n<li>AMR &#8211; Mosqu\u00e9e de Rosny Sous-Bois<\/li>\n<li>ACMM &#8211; Mosqu\u00e9e de Montfermeil<\/li>\n<li>ACMCM &#8211; Mosqu\u00e9e Bilal de Clichy Sous-Bois<\/li>\n<li>ACCMB &#8211; Mosqu\u00e9e du Bourget<\/li>\n<li>Mosqu\u00e9e Bilal Saint-Denis<\/li>\n<li>Mosqu\u00e9e de Saint-Ouen<\/li>\n<li>Association des musulmans de Noisy-le-Grand Mosqu\u00e9e Noisy le Grand<\/li>\n<li>UMTEF &#8211; Mosqu\u00e9e de Tremblay en France<\/li>\n<li>La Plateforme L.E.S. Musulmans<\/li>\n<li>Musulman de France IDF<\/li>\n<li>UAM de la Seine Saint Denis<\/li>\n<li>Mosqu\u00e9e Ihsan Le Blanc Mesnil Nord<\/li>\n<li>Mosqu\u00e9e Tawhid Le Blanc Mesnil Sud<\/li>\n<li>Mosqu\u00e9e Flor\u00e9al Le Blanc Mesnil<\/li>\n<li>La Mosqu\u00e9e Hamza- Pantin<\/li>\n<li>ACNV Mosqu\u00e9e de Villetaneuse<\/li>\n<li>Mosqu\u00e9e de Noisy-le-Sec<\/li>\n<li>Association Famille Franco-musulmane de Montreuil<\/li>\n<li>Mosqu\u00e9e Aloumma Montreuil<\/li>\n<li>Mosqu\u00e9e L\u2019union des associations musulmanes de Gagny<\/li>\n<li>Mosqu\u00e9e de Neuilly-sur-Marne<\/li>\n<li>Mosqu\u00e9e de Bobigny<\/li>\n<li>Mosqu\u00e9e de Bondy<\/li>\n<li>Association Alamel &#8211; Mosqu\u00e9e de Neuilly Plaisance<\/li>\n<li>AMM- Association Mosqu\u00e9e Montrouge<\/li>\n<li>Association Tawba Bussy Saint Georges<\/li>\n<li>CIMG Sarcelles<\/li>\n<li>Mosqu\u00e9e de Chelles<\/li>\n<li>Conseil des Musulmans de Seine et Marne<\/li>\n<li>La Grande Mosqu\u00e9e de Creil<\/li>\n<li>Mosqu\u00e9e \u00e9change et partage de Corbeil de Essonnes<\/li>\n<li>La Grande Mosqu\u00e9e de Corbeil Essonne<\/li>\n<li>Mosqu\u00e9e Seine Genevi\u00e8ve des bois<\/li>\n<li>La Mosqu\u00e9e Al Fatiha de Massy<\/li>\n<li>La Mosqu\u00e9e Al Amine de Champigny-sur-Marne<\/li>\n<li>Mosqu\u00e9e Tawhid de Saint-Denis<\/li>\n<li>A.A. Lieusaint<\/li>\n<li>Association des Musulmans de Fontenay-sous-Bois<\/li>\n<li>ACMVY d&#8217;\u00c9pinay-sous-S\u00e9nart<\/li>\n<li>Es-salam de Champs-sur-Marne<\/li>\n<li>Mosqu\u00e9e de Gonesse<\/li>\n<li>Association des musulmans du Kremlin-Bic\u00eatre<\/li>\n<li>Association cultuel des musulmans de Moissy- Cramyel<\/li>\n<li>A.M.T.I.B de Boissy-Saint-L\u00e9ger<\/li>\n<li>Mosqu\u00e9e de Persan<\/li>\n<li>ABMOSHS Mosqu\u00e9e de Bagneux<\/li>\n<\/ul>\n[\/vc_column_text][\/vc_tta_section][vc_tta_section title=&#8221;Grand Est&#8221; tab_id=&#8221;1602259925263-3bee065a-00da&#8221;][vc_column_text]\n<ul>\n<li>L&#8217;institut Al Andalous de Strasbourg<\/li>\n<li>CIMG Mulhouse<\/li>\n<li>Association ASSALMA Saint-Louis<\/li>\n<li>Institut la maison des sciences Strasbourg<\/li>\n<li>Association Islamique de l\u2019Est de France Strasbourg<\/li>\n<li>Association AMAL de Mulhouse<\/li>\n<li>Association Avicenne Rouffach<\/li>\n<li>Association Cultuelle Musulmane de Haguenau<\/li>\n<\/ul>\n[\/vc_column_text][\/vc_tta_section][vc_tta_section title=&#8221;Haute-de-France&#8221; tab_id=&#8221;1602263632419-8dd03eb0-5be5&#8243;][vc_column_text]\n<ul>\n<li>La Grande Mosqu\u00e9e de Creil<\/li>\n<li>Mosqu\u00e9e Yildirim Bayezid de Beauvais<\/li>\n<li>Mosqu\u00e9es Veysel Karani de Creil<\/li>\n<li>Association Centre Lumi\u00e8re de Maubeuge<\/li>\n<\/ul>\n[\/vc_column_text][\/vc_tta_section][vc_tta_section title=&#8221;Nouvelle-Aquitaine&#8221; tab_id=&#8221;1602265739194-01424e1c-c573&#8243;][vc_column_text]\n<ul>\n<li>L&#8217;association Centre Adam de Bordeaux<\/li>\n<\/ul>\n[\/vc_column_text][\/vc_tta_section][vc_tta_section title=&#8221;Auvergne-Rh\u00f4ne-Alpes&#8221; tab_id=&#8221;1602329495741-5d747558-89d0&#8243;][vc_column_text]\n<ul>\n<li>Conseil R\u00e9gional du Culte Musulman de Rh\u00f4ne-Alpes<\/li>\n<li>Association les \u00c9toiles de Lyon<\/li>\n<li>Mosqu\u00e9e Elhouda d&#8217;Aix-les-Bains<\/li>\n<li>CIMG Feurs<\/li>\n<li>AEFT de Lavilledieu<\/li>\n<li>G\u00e9n\u00e9rations de V\u00e9nissieux<\/li>\n<li>Association Savoir Villeurbanne<\/li>\n<li>Centre Culturel Turc de Valence<\/li>\n<li>Centre Culturel Marocain d&#8217;Annemasse<\/li>\n<li>Mosqu\u00e9e Almoustapha de Montreynaud \u00e0 Saint-\u00c9tienne<\/li>\n<li>Mosqu\u00e9e Al Houda Lyon<\/li>\n<li>Association musulmane du Chablais \u00e0 Thonon-les-bains<\/li>\n<li>Mosqu\u00e9e Salem d&#8217;Annecy Meythet<\/li>\n<\/ul>\n[\/vc_column_text][\/vc_tta_section][vc_tta_section title=&#8221;Bourgogne-Franche-Comt\u00e9&#8221; tab_id=&#8221;1602399029699-42f66a69-798d&#8221;][vc_column_text]\n<ul>\n<li>CIMG Besan\u00e7on<\/li>\n<\/ul>\n[\/vc_column_text][\/vc_tta_section][vc_tta_section title=&#8221;Centre-Val de Loire&#8221; tab_id=&#8221;1602665313394-70c0d505-8a93&#8243;][vc_column_text]\n<ul>\n<li>CIMG Besan\u00e7on<\/li>\n<li>Association des Tunisiens du Loiret<\/li>\n<li>Masjid at-Tawbah de Vend\u00f4me<\/li>\n<\/ul>\n[\/vc_column_text][\/vc_tta_section][vc_tta_section title=&#8221;Bretagne&#8221; tab_id=&#8221;1602769278052-0c975e7d-04f9&#8243;][vc_column_text]\n<ul>\n<li>Association culturelle et cultuelle des musulmans de Quimper<\/li>\n<li>Aum\u00f4nerie Morbihan de Saint-Av\u00e9<\/li>\n<li>Aum\u00f4nerie Musulmane de Bretagne \u00e0 Vern-sur-Seiche<\/li>\n<li>Aum\u00f4nerie de Rennes<\/li>\n<li>Association Espoir-Amal de Rennes<\/li>\n<li>Association Cultuelle Islamique Saint-Brieuc<\/li>\n<\/ul>\n[\/vc_column_text][\/vc_tta_section][vc_tta_section title=&#8221;F\u00e9d\u00e9rations musulmanes&#8221; tab_id=&#8221;1602259075777-7afe0efe-77af&#8221;][vc_column_text]\n<ul>\n<li>CIMG France<\/li>\n<li>RMF<\/li>\n<li>MF<\/li>\n<li>Foi et Pratique<\/li>\n<li>FNMF<\/li>\n<\/ul>\n[\/vc_column_text][\/vc_tta_section][\/vc_tta_accordion][\/vc_column][\/vc_row]\n","protected":false},"excerpt":{"rendered":"<p>[vc_row][vc_column][vc_column_text] Liste des signataires [\/vc_column_text][\/vc_column][\/vc_row][vc_row][vc_column][vc_tta_accordion shape=&#8221;square&#8221; active_section=&#8221;&#8221; collapsible_all=&#8221;true&#8221;][vc_tta_section title=&#8221;\u00cele-de-France&#8221; tab_id=&#8221;1602259075759-7528ceab-4d4a&#8221;][vc_column_text] Conseil R\u00e9gional du Culte Musulman de l\u2019Ile de France Centre Conseil R\u00e9gional du Culte Musulman de l\u2019Ile de France Est Conseil D\u00e9partemental du Culte Musulman de la Seine Saint-Denis Rassemblement&hellip;<\/p>\n","protected":false},"author":1,"featured_media":0,"parent":0,"menu_order":0,"comment_status":"closed","ping_status":"closed","template":"","meta":[],"_links":{"self":[{"href":"http:\/\/www.collectifdesmosquees.fr\/index.php\/wp-json\/wp\/v2\/pages\/58"}],"collection":[{"href":"http:\/\/www.collectifdesmosquees.fr\/index.php\/wp-json\/wp\/v2\/pages"}],"about":[{"href":"http:\/\/www.collectifdesmosquees.fr\/index.php\/wp-json\/wp\/v2\/types\/page"}],"author":[{"embeddable":true,"href":"http:\/\/www.collectifdesmosquees.fr\/index.php\/wp-json\/wp\/v2\/users\/1"}],"replies":[{"embeddable":true,"href":"http:\/\/www.collectifdesmosquees.fr\/index.php\/wp-json\/wp\/v2\/comments?post=58"}],"version-history":[{"count":60,"href":"http:\/\/www.collectifdesmosquees.fr\/index.php\/wp-json\/wp\/v2\/pages\/58\/revisions"}],"predecessor-version":[{"id":625,"href":"http:\/\/www.collectifdesmosquees.fr\/index.php\/wp-json\/wp\/v2\/pages\/58\/revisions\/625"}],"wp:attachment":[{"href":"http:\/\/www.collectifdesmosquees.fr\/index.php\/wp-json\/wp\/v2\/media?parent=58"}],"curies":[{"name":"wp","href":"https:\/\/api.w.org\/{rel}","templated":true}]}}

[vc_row][vc_column][vc_column_text]
<h1>Liste des signataires</h1>
[/vc_column_text]<div class="vcex-module vcex-divider vcex-divider-solid vcex-divider-left wpex-float-left wpex-max-w-100 wpex-mx-auto wpex-block wpex-h-0 wpex-border-b wpex-border-solid wpex-border-gray-200" style="width:6%;margin-top:10px;border-bottom-width:2px;border-color:#00a780;"></div><div class="wpex-clear"></div>[/vc_column][/vc_row][vc_row][vc_column][vc_tta_accordion shape=&#8221;square&#8221; active_section=&#8221;&#8221; collapsible_all=&#8221;true&#8221;][vc_tta_section title=&#8221;Île-de-France&#8221; tab_id=&#8221;1602259075759-7528ceab-4d4a&#8221;][vc_column_text]
<ul>
<li>Conseil Régional du Culte Musulman de l’Ile de France Centre</li>
<li>Conseil Régional du Culte Musulman de l’Ile de France Est</li>
<li>Conseil Départemental du Culte Musulman de la Seine Saint-Denis</li>
<li>Rassemblement des Associations Musulmanes du 93</li>
<li>Mosquée Omar Paris 11ième</li>
<li>Mosquée Abou Bakr Paris 11ième</li>
<li>Mosquée Ali Paris 10ième</li>
<li>Mosquée Fatih Paris 10ième</li>
<li>ASCEM Paris 14ième/ 15ième</li>
<li>Mosquée Salih CIMG Sevran</li>
<li>Mosquée Othman de Sevran</li>
<li>Mosquée de l’Union de la Courneuve</li>
<li>Mosquée Mauricienne de la Courneuve</li>
<li>ACIIF La Courneuve</li>
<li>AMI 93- Association des Musulmans de l’Inde- La Courneuve</li>
<li>ACMA &#8211; Mosquée d’Aulnay Sous-Bois</li>
<li>AMR &#8211; Mosquée de Rosny Sous-Bois</li>
<li>ACMM &#8211; Mosquée de Montfermeil</li>
<li>ACMCM &#8211; Mosquée Bilal de Clichy Sous-Bois</li>
<li>ACCMB &#8211; Mosquée du Bourget</li>
<li>Mosquée Bilal Saint-Denis</li>
<li>Mosquée de Saint-Ouen</li>
<li>Association des musulmans de Noisy-le-Grand Mosquée Noisy le Grand</li>
<li>UMTEF &#8211; Mosquée de Tremblay en France</li>
<li>La Plateforme L.E.S. Musulmans</li>
<li>Musulman de France IDF</li>
<li>UAM de la Seine Saint Denis</li>
<li>Mosquée Ihsan Le Blanc Mesnil Nord</li>
<li>Mosquée Tawhid Le Blanc Mesnil Sud</li>
<li>Mosquée Floréal Le Blanc Mesnil</li>
<li>La Mosquée Hamza- Pantin</li>
<li>ACNV Mosquée de Villetaneuse</li>
<li>Mosquée de Noisy-le-Sec</li>
<li>Association Famille Franco-musulmane de Montreuil</li>
<li>Mosquée Aloumma Montreuil</li>
<li>Mosquée L’union des associations musulmanes de Gagny</li>
<li>Mosquée de Neuilly-sur-Marne</li>
<li>Mosquée de Bobigny</li>
<li>Mosquée de Bondy</li>
<li>Association Alamel &#8211; Mosquée de Neuilly Plaisance</li>
<li>AMM- Association Mosquée Montrouge</li>
<li>Association Tawba Bussy Saint Georges</li>
<li>CIMG Sarcelles</li>
<li>Mosquée de Chelles</li>
<li>Conseil des Musulmans de Seine et Marne</li>
<li>La Grande Mosquée de Creil</li>
<li>Mosquée échange et partage de Corbeil de Essonnes</li>
<li>La Grande Mosquée de Corbeil Essonne</li>
<li>Mosquée Seine Geneviève des bois</li>
<li>La Mosquée Al Fatiha de Massy</li>
<li>La Mosquée Al Amine de Champigny-sur-Marne</li>
<li>Mosquée Tawhid de Saint-Denis</li>
<li>A.A. Lieusaint</li>
<li>Association des Musulmans de Fontenay-sous-Bois</li>
<li>ACMVY d&#8217;Épinay-sous-Sénart</li>
<li>Es-salam de Champs-sur-Marne</li>
<li>Mosquée de Gonesse</li>
<li>Association des musulmans du Kremlin-Bicêtre</li>
<li>Association cultuel des musulmans de Moissy- Cramyel</li>
<li>A.M.T.I.B de Boissy-Saint-Léger</li>
<li>Mosquée de Persan</li>
<li>ABMOSHS Mosquée de Bagneux</li>
</ul>
[/vc_column_text][/vc_tta_section][vc_tta_section title=&#8221;Grand Est&#8221; tab_id=&#8221;1602259925263-3bee065a-00da&#8221;][vc_column_text]
<ul>
<li>L&#8217;institut Al Andalous de Strasbourg</li>
<li>CIMG Mulhouse</li>
<li>Association ASSALMA Saint-Louis</li>
<li>Institut la maison des sciences Strasbourg</li>
<li>Association Islamique de l’Est de France Strasbourg</li>
<li>Association AMAL de Mulhouse</li>
<li>Association Avicenne Rouffach</li>
<li>Association Cultuelle Musulmane de Haguenau</li>
</ul>
[/vc_column_text][/vc_tta_section][vc_tta_section title=&#8221;Haute-de-France&#8221; tab_id=&#8221;1602263632419-8dd03eb0-5be5&#8243;][vc_column_text]
<ul>
<li>La Grande Mosquée de Creil</li>
<li>Mosquée Yildirim Bayezid de Beauvais</li>
<li>Mosquées Veysel Karani de Creil</li>
<li>Association Centre Lumière de Maubeuge</li>
</ul>
[/vc_column_text][/vc_tta_section][vc_tta_section title=&#8221;Nouvelle-Aquitaine&#8221; tab_id=&#8221;1602265739194-01424e1c-c573&#8243;][vc_column_text]
<ul>
<li>L&#8217;association Centre Adam de Bordeaux</li>
</ul>
[/vc_column_text][/vc_tta_section][vc_tta_section title=&#8221;Auvergne-Rhône-Alpes&#8221; tab_id=&#8221;1602329495741-5d747558-89d0&#8243;][vc_column_text]
<ul>
<li>Conseil Régional du Culte Musulman de Rhône-Alpes</li>
<li>Association les Étoiles de Lyon</li>
<li>Mosquée Elhouda d&#8217;Aix-les-Bains</li>
<li>CIMG Feurs</li>
<li>AEFT de Lavilledieu</li>
<li>Générations de Vénissieux</li>
<li>Association Savoir Villeurbanne</li>
<li>Centre Culturel Turc de Valence</li>
<li>Centre Culturel Marocain d&#8217;Annemasse</li>
<li>Mosquée Almoustapha de Montreynaud à Saint-Étienne</li>
<li>Mosquée Al Houda Lyon</li>
<li>Association musulmane du Chablais à Thonon-les-bains</li>
<li>Mosquée Salem d&#8217;Annecy Meythet</li>
</ul>
[/vc_column_text][/vc_tta_section][vc_tta_section title=&#8221;Bourgogne-Franche-Comté&#8221; tab_id=&#8221;1602399029699-42f66a69-798d&#8221;][vc_column_text]
<ul>
<li>CIMG Besançon</li>
</ul>
[/vc_column_text][/vc_tta_section][vc_tta_section title=&#8221;Centre-Val de Loire&#8221; tab_id=&#8221;1602665313394-70c0d505-8a93&#8243;][vc_column_text]
<ul>
<li>CIMG Besançon</li>
<li>Association des Tunisiens du Loiret</li>
<li>Masjid at-Tawbah de Vendôme</li>
</ul>
[/vc_column_text][/vc_tta_section][vc_tta_section title=&#8221;Bretagne&#8221; tab_id=&#8221;1602769278052-0c975e7d-04f9&#8243;][vc_column_text]
<ul>
<li>Association culturelle et cultuelle des musulmans de Quimper</li>
<li>Aumônerie Morbihan de Saint-Avé</li>
<li>Aumônerie Musulmane de Bretagne à Vern-sur-Seiche</li>
<li>Aumônerie de Rennes</li>
<li>Association Espoir-Amal de Rennes</li>
<li>Association Cultuelle Islamique Saint-Brieuc</li>
</ul>
[/vc_column_text][/vc_tta_section][vc_tta_section title=&#8221;Fédérations musulmanes&#8221; tab_id=&#8221;1602259075777-7afe0efe-77af&#8221;][vc_column_text]
<ul>
<li>CIMG France</li>
<li>RMF</li>
<li>MF</li>
<li>Foi et Pratique</li>
<li>FNMF</li>
</ul>
[/vc_column_text][/vc_tta_section][/vc_tta_accordion][/vc_column][/vc_row]

<p>[vc_row][vc_column][vc_column_text] Liste des signataires [/vc_column_text][/vc_column][/vc_row][vc_row][vc_column][vc_tta_accordion shape=&#8221;square&#8221; active_section=&#8221;&#8221; collapsible_all=&#8221;true&#8221;][vc_tta_section title=&#8221;Île-de-France&#8221; tab_id=&#8221;1602259075759-7528ceab-4d4a&#8221;][vc_column_text] Conseil Régional du Culte Musulman de l’Ile de France Centre Conseil Régional du Culte Musulman de l’Ile de France Est Conseil Départemental du Culte Musulman de la Seine Saint-Denis Rassemblement&hellip;</p>
